1?
11
Suppose -181 = -5*r - 91. Let s be (-6)/(2/1) - -9. What is the highest common divisor of r and s?
6
Let u = 610 - 176. Calculate the highest common divisor of 124 and u.
62
Suppose 4*r - 1222 = 2*c, -5*c + 884 = r + 2*r. Suppose -3*y + r + 93 = 0. Calculate the highest common divisor of y and 12.
12
Let h = 992 + -928. What is the greatest common factor of 20 and h?
4
Suppose 3*l - 2*l - 676 = -g, g = 5*l + 676. What is the highest common divisor of 52 and g?
52
Suppose 275 = 9*r + 2*r. Let h(p) = -p**3 + 25*p**2 - p + 39. Let d be h(r). What is the greatest common factor of d and 2?
2
Let h(c) = 6*c + 415. Let j be h(-40). What is the greatest common factor of 280 and j?
35
Suppose -7*g - 4*g = -1034. Suppose 7*u - 15 = 2*u, 0 = 4*r - 2*u - g. Calculate the greatest common factor of 5 and r.
5
Suppose 3*x + 34 = 5*x. Let p be (-2)/7 + 1662/(-14). Let o be 1/(3/p)*-3. Calculate the greatest common factor of o and x.
17
Suppose -2*f - 532 = -5*u, 3*f = -u - 0*f + 120. Let v = -78 - -56. Let k = -10 - v. Calculate the highest common divisor of k and u.
12
Suppose d = 3*d. Suppose m = -d*m + 5*u + 2, -u = 5*m - 36. Calculate the highest common factor of 63 and m.
7
Suppose -17 = p - 5*f, -3*f + 7 = -p - 0. Suppose -3*k + 5*k - p = 3*s, -4*k + 4*s = -20. What is the highest common divisor of k and 35?
7
Let u(a) = -a**2 - 24*a + 330. Let c be u(-33). What is the highest common factor of 39 and c?
3
Let i(y) = 16*y + 8. Suppose 5*j = 2*j - 12. Let z = 2 - j. Let m be i(z). Calculate the highest common factor of 13 and m.
13
Suppose -4*w + 5 = -43. Let v = -8 + 11. Calculate the highest common factor of v and w.
3
Let w(m) be the second derivative of 5*m**4/12 - 7*m. Let o be w(3). Let j be (-18)/(-1)*(-2)/(-4). Calculate the highest common factor of j and o.
9
Let p(x) = -9*x - 120. Let n be p(-25). Calculate the greatest common divisor of n and 45.
15
Let v be 16/3*3*1. Let c be (-80 - (-9)/3) + 4. Let p = 89 + c. What is the greatest common factor of v and p?
16
Suppose -5*g = 2*t - 382, -4*t + 369 = 4*g + 61. Calculate the greatest common factor of 494 and g.
38
Let u = 10953 + -10681. Let b = 40 + -6. What is the greatest common divisor of u and b?
34
Let d(r) = -r**2 + 14*r + 1. Let s be d(14). What is the greatest common factor of 61 and s?
1
Let k(d) = 4*d - 3 + 0*d - 2*d. Let q be k(5). What is the highest common divisor of q and 49?
7
Let z be 0 - (-46 - 3 - -1). Suppose 5*p + 3*f = 5*f + 235, -2*f = -10. Let b = 81 - p. What is the highest common factor of b and z?
16
Let v be (-4)/(-1)*(0 - -1). Suppose 0 = -5*f - 2*y + 200, v*y + 120 = -2*f + 5*f. Calculate the greatest common factor of 100 and f.
20
Let c(i) = 458*i + 4608. Let n be c(-10). Let z be 140 + (-1 - (-1 - 0)). What is the highest common factor of z and n?
28
Suppose -3*q = -7*q. Suppose 2*i - 14 = -q*i. What is the highest common divisor of 49 and i?
7
Let h(f) = -f**2 + 32*f + 118. Let v be h(35). Let y(r) = 6*r**2 - 2. Let m be y(3). What is the greatest common factor of v and m?
13
Let v = -1723 - -2043. Calculate the greatest common divisor of 100 and v.
20
Suppose -17*k + 19*k - 56 = 0. Let w be 15/((1/5)/(k/20)). Calculate the highest common factor of w and 42.
21
Let f = 869 - 852. Calculate the greatest common divisor of f and 2.
1
Let t(z) = z**2 - 2*z + 5. Let r be t(4). Let g be (-26)/(-6)*((9 - 18) + 15). What is the greatest common divisor of g and r?
13
Let y = 19 - 3. Let o(w) = -w**2 + 19*w - 68. Let p be o(14). Calculate the greatest common factor of p and y.
2
Let j(m) = 2*m**2 - 17*m - 10. Let r be j(7). Let v = r + 39. Let z = -85 + 125. What is the highest common factor of v and z?
8
Suppose 351 = -32*r + 19*r. Let o be (86/(2*-1))/(-1). Let g = r + o. What is the greatest common factor of g and 144?
16
Suppose -2 - 16 = -6*t. Suppose 34 = 3*x + m, 3*m + 15 = x - t. Calculate the greatest common divisor of 96 and x.
12
Let f(q) be the first derivative of q**2/2 + 39*q + 15. Let m be f(-20). What is the highest common factor of m and 38?
19
Let x(q) = 2*q**3 + 23*q**2 - 49*q - 118. Let o be x(-13). Let c = -63 - -255. Calculate the highest common factor of o and c.
12
Suppose 58 = -2*s + 84. Suppose 3*n - 195 = -2*n. What is the greatest common factor of s and n?
13
Let h(w) = 78*w**3 - 1. Let s be h(1). Let b(f) = -2*f**3 - 76*f**2 - 72*f + 85. Let a be b(-37). Calculate the greatest common factor of s and a.
11
Let l be 0 - (3 + -1 + -907 + -5). What is the greatest common factor of l and 10?
10
Let z(t) = -t**3 + 3*t**2 + 3*t. Let f be z(4). Let y = 12 + f. Let x = y + -3. Calculate the greatest common factor of x and 15.
5
Suppose x - 2 + 7 = 0, -2*z + 95 = 3*x. Let t = z - 20. Calculate the highest common divisor of 7 and t.
7
Suppose 9 - 97 = -t. What is the greatest common factor of t and 2?
2
Let d = 10 + -45. Let j be (28/d)/(4/(-130)). Suppose 0*u = 4*u - 156. What is the highest common divisor of j and u?
13
Let n(s) = s**2 - 10*s + 10. Let j be ((-8)/(-6))/((-2)/(-75)*5). Let d be n(j). What is the greatest common divisor of 20 and d?
10
Let b be ((-1320)/275)/(6/(-20)). Calculate the highest common divisor of 376 and b.
8
Let o be (-130)/(-6) - 18/27. Suppose -3*x + r + o = x, 5*x - 2*r = 27. Calculate the greatest common divisor of x and 2.
1
Let a be 104*-8*(-6)/48. Calculate the greatest common factor of 16 and a.
8
Let b(d) = 2*d**2 + 35*d - 27. Let p be b(-19). What is the greatest common divisor of p and 36?
6
Let w = 1 - 29. Let t = w - -42. What is the greatest common divisor of 35 and t?
7
Let v = -28 - -28. Suppose 5*w - 85 = -v*w. Calculate the highest common factor of w and 153.
17
Let k = -504 - -552. What is the greatest common factor of k and 384?
48
Let u(o) = -12*o - 4*o**2 + 10 + 4*o**2 - o + o**2. Let w be u(13). What is the highest common divisor of w and 5?
5
Let q = -170 - -118. Let r be (5/10)/((-2)/q). Suppose 15*m - 18 = r*m. Calculate the greatest common divisor of 1 and m.
1
Let v(r) = 2*r - 31. Let a be v(15). Let u be -34*5*a/2. What is the greatest common divisor of 17 and u?
17
Suppose 2*l - g = 5*l + 509, -4*l = -g + 674. Let m = l - -416. What is the greatest common divisor of m and 13?
13
Suppose -8*s + 1063 = 1039. Let f(u) = u**3 + 9*u**2 - 14*u - 13. Let r be f(-10). Calculate the greatest common divisor of s and r.
3
Let r(x) = -x**3 + 25*x**2 + 48*x + 253. Let k be r(27). Calculate the highest common divisor of 247 and k.
13
Let o(g) = -g**3 + 8*g**2 + g - 2. Let x be o(8). Let f be (-32)/(-10)*(x - 1). Calculate the highest common divisor of f and 4.
4
Suppose -2 = 2*m, 0*h = 3*h - 5*m - 278. Let o = -584 + 591. What is the greatest common factor of o and h?
7
Let f = 26 - 29. Let j be (52/20 + f)/(4/(-100)). What is the greatest common divisor of j and 130?
10
Let l(y) = y**2 - 2*y + 8. Let z be l(6). Suppose -4*q = 2*p - 8, p + q = -0*p + 4. Suppose -j - p = -2*j. What is the greatest common factor of j and z?
4
Suppose 3*s - 6 = 0, 5*u + 9*s = 8*s + 3452. What is the highest common factor of 60 and u?
30
Let y(q) = 3*q**3 + q**2 - 6*q + 15. Let w be y(5). What is the highest common factor of 35 and w?
35
Let j be (-20)/(-3)*36/10. Calculate the greatest common divisor of j and 64.
8
Let g(j) = 11*j**3 + 2*j**2 - 1. Let t be g(1). Let z = 8 + -3. Suppose 3*i - z*y = 98, 48 + 90 = 4*i - 3*y. What is the greatest common factor of i and t?
12
Let f = -7 - -17. Let o be 57/(-4) - 39/52. Let w = o + 25. Calculate the greatest common factor of f and w.
10
Let x be (1 + (-14)/4)*-12. Let p(l) = -80*l - 1510. Let d be p(-19). What is the highest common divisor of d and x?
10
Let c = -154 + 375. What is the greatest common divisor of 17 and c?
17
Let d be 216/22 - (-2)/11. Let h = d - 8. Let g be (11/1)/(h/4). Calculate the highest common divisor of 55 and g.
11
Suppose 24*n - 441 = -25*n. Let w = -425 - -596. Calculate the greatest common divisor of w and n.
9
Suppose 0 = 2*o - 0*o - 6. Suppose 8 - 101 = -3*n. Let r = n + -28. Calculate the highest common factor of r and o.
3
Suppose t + 2*j = 11, 2*t = -2*t + 2*j + 44. Suppose -27*o = -30*o - 2*l + 130, 41 = o + 3*l. What is the highest common factor of o and t?
11
Let s be -1 - (-60)/((-4)/(-2)). Let p = -8244 + 8447. Calculate the highest comm